r of l and 12?
12
Let b(s) be the third derivative of 0*s - 19/6*s**3 - 5/24*s**4 + 5*s**2 + 0. Let g be b(-20). What is the greatest common divisor of g and 54?
27
Let f = 162 - 154. Let m be 68 + (7 - f)*5. What is the highest common factor of m and 18?
9
Let p be -12 - (-2134 - (5 - 19)). Calculate the highest common factor of 884 and p.
68
Let k be (-1 - -7) + -42 + -6. Let p be 3/(-3*(171/k - -4)). Let g = 10 + -8. Calculate the greatest common divisor of p and g.
2
Let g = -5161 - -5254. What is the greatest common divisor of g and 27?
3
Suppose 5*h - 182 = -3*q, 2*q = -4*h + 97 + 49. Suppose 3*v + h = 64. Let a be v/(-3) - ((-3)/(-1) - 13). Calculate the greatest common divisor of a and 7.
7
Let a = -30993 - -31161. What is the highest common factor of 13384 and a?
56
Let b = -76 + 82. Let v(a) = a**2 - 12*a - 17. Let l be v(-6). Let u = -37 + l. Calculate the greatest common factor of b and u.
6
Let g(d) = d**3 - 12*d**2 + 30*d + 24. Let u be g(12). Let s = 636 - u. What is the highest common factor of s and 63?
63
Suppose 88 = -4*u + 772. Let t = u + -75. Suppose 21*p = -50*p + 852. Calculate the greatest common factor of t and p.
12
Let v = 3903 + -3138. Calculate the greatest common divisor of 315 and v.
45
Let s(p) = 302*p - 710. Let k be s(3). Calculate the greatest common divisor of k and 12.
4
Let w = -111 - -237. Let p = w - 96. What is the highest common divisor of p and 45?
15
Suppose 0 = -2*w - 2*u + 7648, -4*u + 3171 + 635 = w. What is the greatest common divisor of 10 and w?
10
Let y be (-41 - -2)*(-16)/6. Suppose -5*g = -g - y. Let f = -11 + g. What is the highest common divisor of f and 9?
3
Let w = 43 + -12. Let l = w + -27. Suppose 3*m = -l*c + 85, 5 = -2*m - 3*m. Calculate the highest common factor of 154 and c.
22
Suppose -10*l + 3387 + 17413 = 0. Suppose l = -71*g + 79*g. What is the highest common factor of g and 13?
13
Let m(v) = -18*v - 63. Let p be m(-20). Let t be 1728/p - 4/(-22). Let w = -12 + 126. What is the greatest common divisor of w and t?
6
Let o(x) = 32*x**2. Let z be o(-1). Let h = 56 - z. Suppose -v = 5*t - 17, 79*v = 3*t + 84*v - 19. What is the greatest common divisor of h and t?
3
Let d = 13629 + -13328. Calculate the highest common factor of 1333 and d.
43
Suppose 5*u + 41 = -3*s + 97, 0 = -5*s + u + 140. Suppose 0 = -4*q + 2789 + s. Calculate the highest common divisor of q and 44.
44
Let p = 27 + 5. Let r be ((-1 - 0)*-1)/((-24)/(-552)). Suppose 3*d = -r + p. Calculate the greatest common factor of 3 and d.
3
Let f be (360/27)/(1/15). Calculate the greatest common divisor of 275 and f.
25
Let c be (-32)/((-6)/(-4)*(-3)/((-180)/(-80))). What is the greatest common divisor of c and 726?
2
Let y = -59 + 123. Suppose -2*n + 11 = 1. Suppose n*f + 55 = 5*q, 26 = 4*q - 2*f + 4*f. What is the highest common divisor of y and q?
8
Let v(t) = 2*t - 1 - 195*t**2 + 197*t**2 + 5. Let m be v(0). Suppose 3*d - 64 = 4*a, 3*d + a - 28 = 31. Calculate the greatest common factor of m and d.
4
Let z = -1751 - -1783. Calculate the highest common factor of z and 592.
16
Let j = -134 + 110. Let w = j + 46. Calculate the greatest common factor of w and 121.
11
Let y(w) = w**3 + 31*w**2 - 108*w - 57. Let c be y(-34). Calculate the greatest common factor of 3087 and c.
147
Suppose 3*r - 52 = -4*k + 10, 3*r = -21*k - 6. Let d = 404 - 261. Calculate the highest common divisor of d and r.
13
Let g be ((-558)/930)/(-2 + 199/100). What is the greatest common divisor of 3020 and g?
20
Suppose 2*j - 38 = 40. Suppose 0 = -2*w - 75 - 7. Let k = w + 93. Calculate the greatest common factor of j and k.
13
Suppose -g = -t + 6*t - 7, -3*g = 2*t - 8. Suppose 3*p = -g*d + 254, 5*p - 3 = 17. Suppose d = s - 33. Calculate the highest common factor of s and 22.
22
Let o be (30*32 - 2)/2. Suppose -o = -16*a + 321. Let c(l) = l**2 + l + 5. Let u be c(4). Calculate the highest common divisor of u and a.
25
Let j be 4/(-24) - (-6716)/120 - ((-3)/15 + -1). Let p(r) = -r**3 - 2*r**2 + 2*r. Let y be p(-3). Calculate the greatest common factor of y and j.
3
Let m be (-5)/(-30)*-3 - (-81)/2. Let z = m - -26. Let a(q) = 3*q**2 + 2*q. Let u be a(3). What is the greatest common divisor of u and z?
33
Let o = 23 + -16. Suppose -22 = 9*l - 67. Suppose -11*h = -l*y - 16*h + 20, 0 = -5*y + 2*h - 1. Calculate the highest common divisor of y and o.
1
Suppose -5*n + 128 = 2*u + 10, 5*n + 5*u = 115. Calculate the highest common divisor of 1302 and n.
6
Suppose 0 = 4*n - 512 - 448. Let p = 292 - n. Calculate the greatest common divisor of 676 and p.
52
Suppose 121*n - 122*n - 19 = 0. Let z(g) = g**2 + 4*g + 139. Let w be z(n). Calculate the greatest common divisor of 8 and w.
8
Let i be 4/((-24)/(-39))*38. Suppose -5*d + 81 = 4*r, 0 = -6*d + 5*d - 3*r + 25. What is the highest common divisor of i and d?
13
Suppose -c = 3*r + 2*c - 36, 3*r = c + 20. Let g = 3834 - 3812. What is the highest common factor of g and r?
2
Let v(a) = a**3 + 21*a**2 + 88*a + 152. Let d be v(-16). What is the greatest common factor of 18228 and d?
12
Let q(x) = -8*x**2 + 39*x - 39. Let m be q(7). Suppose -3*r + 474 = -480. Let n = r + m. What is the greatest common divisor of 64 and n?
32
Let x = 7181 - 3613. What is the highest common divisor of 8 and x?
8
Suppose 2*t + 2*w = 44, -3*t + 3*w + 70 = 2*t. Let h = -4 + t. Let s be -2*h/(-1) - 4. What is the greatest common factor of s and 176?
22
Suppose -7*z = 2585 - 110323 - 9547. What is the greatest common divisor of z and 15?
15
Suppose -3*o + 3 = 5*q, 3*q - 469*o - 17 = -467*o. Let p be 2*1/4*(8 - 2). Calculate the highest common factor of q and p.
3
Let i be 3/(-6) - 20/(-8). Let t(l) = 2*l**3 - l**2 - 3*l - 2. Let g be t(i). Let j be g/10 + 2166/10. Calculate the highest common divisor of j and 31.
31
Let g(l) be the second derivative of 8*l**3 - 6*l**2 - 45*l. Let o be g(1). Calculate the greatest common divisor of 90 and o.
18
Let g(a) = -465*a**2 - 2*a + 3. Let p be g(1). Let b = p - -471. What is the greatest common factor of b and 567?
7
Let m be 3*(110/15 - 6). Let l be (-128)/(1/((-2)/m)) - -1. What is the highest common divisor of 39 and l?
13
Let z(n) = -16*n + 45. Let x be z(-25). Let f = 15 + -10. What is the highest common divisor of f and x?
5
Let a be (256 - 0/(-14))*(-166)/(-2). What is the greatest common factor of a and 83?
83
Let b(o) = 18*o**3 - 18*o**2 + 21*o + 18. Let h be b(3). What is the highest common divisor of 10 and h?
5
Suppose y - 5*g = -y + 121, 4*y - 5*g - 217 = 0. Suppose -122*c = -134*c + 720. Calculate the greatest common divisor of c and y.
12
Let k be (-72)/18 - 21/(-3). Let x be -4 + k + 7/(21/108). Calculate the greatest common divisor of 63 and x.
7
Suppose 0*d - 4*d = -200. Suppose 0 = -3*j - 5*o + 24, 4*j - d = -j - 5*o. Let m = 1 + j. Calculate the highest common divisor of 154 and m.
14
Let f = -20 + 88. Suppose -f = -12*u - 212. Let k be ((-8)/u)/(4/234). Calculate the greatest common divisor of 26 and k.
13
Suppose 3*u + 40 = 4*r + u, -2*u = 2*r - 20. Let v = -62 - 333. Let m = 425 + v. Calculate the greatest common factor of m and r.
10
Let k = 25 + -32. Let c(w) = -42*w**2 - 8. Let b(o) = -41*o**2 - 7. Let v(f) = k*b(f) + 6*c(f). Let y be v(-1). What is the greatest common factor of 90 and y?
18
Let x = 3950 - 3598. What is the highest common factor of 66 and x?
22
Suppose -3*k + 4*b + 584 = 3*b, -4*k - 2*b + 782 = 0. Let z = k + -157. What is the greatest common divisor of 57 and z?
19
Let l be 70/8 + -1 + 25/20. Let t = l + -2. Let g = 73 + t. What is the greatest common factor of g and 20?
20
Suppose 0 = 786*p - 946*p + 17280. Calculate the greatest common divisor of 3492 and p.
36
Let k = 260 - 256. Suppose x - 4*t = 5*x - 216, -2*x + k*t + 90 = 0. Calculate the greatest common factor of x and 255.
51
Suppose 0 = -33*b + 76127 + 2677. What is the highest common divisor of b and 12?
12
Suppose 5*n - 3*k - 53 = 0, -45*n + 49*n - 42 = 2*k. What is the greatest common divisor of n and 1690?
10
Let z = 7 + -25. Let l(j) = -j**2 - 22*j - 45. Let v be l(z). Suppose -2*r = -2*q + v - 1, 0 = -q - 2*r + 10. Calculate the highest common factor of q and 6.
6
Suppose 2*l - 9 - 565 = -12*l. Calculate the highest common divisor of l and 1804.
41
Let k = 85 - 43. Let a be (-1 - 0)/(129/(-